) + 6). Let f be g*((-3)/(-18))/(5/15). Let y(b) = -b**2 + 14*b + 16. What is y(f)?
1
Let g = -128 + 81. Let p = g + 57. Suppose 0 = k + 9 - p. Let u(r) = -7*r**2 + r - 1. Give u(k).
-7
Let i be (-48)/(-9)*(-3)/(-2). Let o(m) = 19*m - 5. Let s(t) = -12*t + 3. Let u(y) = i*s(y) + 5*o(y). What is u(0)?
-1
Let m(a) = -a**3 + 2*a + 1. Let t(p) = -4*p**3 + 8*p**2 - 9*p. Let g(v) = -3*m(v) + t(v). Give g(8).
-123
Let r(b) = 3*b**3 - b - 9. Let g be r(3). Suppose g = -7*a - 1. Let y(v) = -v**2 - 10*v - 4. Determine y(a).
-4
Suppose 4*v - 27 = 5. Suppose v*u = 19 + 13. Let h(w) be the second derivative of w**5/20 - 5*w**4/12 + w**3/2 + 5*w**2/2 + w + 3. Calculate h(u).
1
Let v(b) = b. Let r(n) = -n. Let w(y) = 3*r(y) + 4*v(y). Let j(x) = -x. Let z(a) = 2*j(a) + 3*w(a). Determine z(-1).
-1
Suppose -4*g - 152 = 4*g. Let f be 2*(g/(-4) + (-9)/12). Let a = f + -8. Let o(u) = u**2 - u + 9. What is o(a)?
9
Let y(z) = 8*z + 779 - 7*z - 771. Let c be (-1 + (-22)/(-6))*3. Let a = -14 + c. Give y(a).
2
Let k(x) be the second derivative of -x**5/20 + 7*x**4/12 - 3*x**2/2 + 2*x. Let o(d) = -3*d**2 + 196*d + 139. Let f be o(66). What is k(f)?
-3
Let s(l) be the first derivative of l**4/4 + 2*l**3/3 - 3*l**2 - l - 463. Determine s(-3).
8
Let f(h) be the first derivative of h**3/3 - 5*h**2 - 26*h + 1488. Give f(12).
-2
Let y(h) = -1 - 36*h**2 - 17*h**2 - 5*h - 8*h**2 + 3*h + 9*h**2. Calculate y(-1).
-51
Suppose -12*f - 3*g = -11*f - 12, -2*f + 3*g = -51. Let c be (87/f - (-1)/(-7)) + -6. Let d(i) = 5*i**3 + 3*i**2 + i - 2. What is d(c)?
-32
Let v(c) be the second derivative of -c**3/6 - 2*c**2 - 237*c. Suppose 0 = 2*z - z - 16. Suppose -2*p = -o - z, -o + 3*p + 15 = -6*o. Determine v(o).
2
Let w(i) = 5*i**2 + 45*i - 16. Let m(v) = 5*v**2 + 38*v - 13. Let z(o) = 6*m(o) - 5*w(o). What is z(-3)?
38
Suppose 0 - 4 = 4*i, -2*f + 5*i + 29 = 0. Let t be (f/(-10))/(14/(-35)). Let d(n) = 3*n - 7*n + n**t - 5 + 4*n + 7*n**2. Give d(-7).
-5
Suppose n + 3*z + 13 - 30 = 0, -2*z = -5*n + 34. Let k = 3326 - 3316. Suppose n*p - 6*p = k. Let h(l) = l**3 - 4*l**2 - 7*l + 5. Calculate h(p).
-5
Let f(s) = 3*s + 2. Let n be 1*-4*(-2)/(-8)*-1. Determine f(n).
5
Suppose 8 = 3*d - 4. Let k(a) = -1 + a**2 - d + 2*a + 0*a + 2. Let f be (-2 + 12/4)*2. Determine k(f).
5
Let y(h) = -h**3 - 3*h**2 - h + 1. Let s = 170 - 58. Let b = s - 115. Give y(b).
4
Let s(m) be the first derivative of m**3/3 + 5*m**2 + 8*m - 89066. Let o(r) = -3*r**2 + 2*r + 1. Let x be o(2). Give s(x).
-13
Suppose 0 = -15*h + 10*h. Suppose h = -0*w + 3*w - 96. Suppose 0 = -27*p + w*p - 10. Let c(l) = -7*l + 3. Calculate c(p).
-11
Let p(o) = 12*o - 338. Let k be p(29). Let i = 16 - k. Let v(y) = 1. Let m(c) = c + 13. Let z(h) = m(h) - 5*v(h). What is z(i)?
14
Let g(n) = -19 - 3 - 31 + 36*n - 41*n. Let d be g(-11). Suppose t + d*a + 18 = -t, 3*a = -2*t - 19. Let w(z) = z**2 + 9*z - 2. What is w(t)?
-10
Let x(q) be the first derivative of q**4/4 + 7*q**3/3 + q**2 + 2*q - 2940. Let u be -7*(-4)/(-42)*9. Determine x(u).
26
Let l be ((-14)/4)/(-7) - (-2)/4. Let g(b) = 5*b + l + 0*b**2 + 4*b**2 - b**3 - 7*b. Suppose -2*q + 0 = -6. Give g(q).
4
Let p = 10978 + -10973. Let c(k) = k**2 - 16*k + 59. Determine c(p).
4
Let w(z) = -z - 4. Let y = -56 + 58. Let p be w(y). Let s(a) be the second derivative of a**4/12 + 3*a**3/2 + 2*a**2 + a + 4. Calculate s(p).
-14
Let m(x) = 11*x**2 + 127*x + 153. Let i be m(-10). Let o(n) = 3*n + 37. Calculate o(i).
-14
Let z be 3*(-18 + 43 - 18). Let s(j) = j**3 - 20*j**2 - 22*j + 36. What is s(z)?
15
Let u(s) = 3*s - 14. Let o be u(9). Let g(x) = 25 - 3*x - o - 6 - 5. Give g(-3).
10
Let w(q) = 47*q**3 + 7*q**2 + 6 + 7 - 46*q**3 - 7*q + 3 - 22. Give w(-8).
-14
Let b(k) = k**2 + 13*k + 1. Let o be ((-455)/(-63) - 7) + 87/(-27). Give b(o).
-29
Let u(t) = -t**3 - 16*t**2 - 17*t - 33. Let v be (-30)/25 + 1104/(-80). Give u(v).
-3
Suppose 4*d = -3*a + 63, -2*a + 7*a + 35 = 5*d. Let x = d - 8. Let p(k) be the second derivative of -k**3 + 5*k**2/2 - 6*k. What is p(x)?
-19
Let c(o) be the third derivative of 4/3*o**3 - 134*o**2 + 1/120*o**6 + 1/24*o**4 + 1/10*o**5 + 0*o + 0. What is c(-6)?
2
Let t(f) = -f**3 + 7*f**2 + 6*f - 2. Let a = -8593 + 8601. Give t(a).
-18
Suppose 5*d - 5*r - 13 + 3 = 0, -2*r = 2*d - 8. Let y be (-1 - -3 - 0) + 2. Let q(h) = 5*h + 10 - y*h + 0 - d. Determine q(-8).
-1
Let p(o) be the second derivative of o**4/12 - o**3 + 2*o**2 + 1044*o. Give p(2).
-4
Suppose 4*a - 12 = 7*a. Let m(y) = 3 + 294*y**3 + 7*y - 575*y**3 + 5 + 280*y**3 - 3*y**2. Calculate m(a).
-4
Let b(w) = -w + 3*w - 13 - 3*w. Suppose 5*f + 48 = f. Let j(a) = -a**3 - 11*a**2 + 13*a + 6. Let h be j(f). Give b(h).
-7
Let x(p) = -222 - 235 + 690 - p - 209. Determine x(22).
2
Let i(c) = 11*c - 4. Let g(y) = 6*y - 2. Let h(f) = -7*g(f) + 4*i(f). Let z be (6/4)/(6 + 74/(-12)). Let w(a) = 5*a + 49. Let p be w(z). What is h(p)?
6
Let n be 10*(12 + 161/(-14)). Let b(c) = 3*c**2 - 13*c + 4. Calculate b(n).
14
Let r(d) = -d**3 + 8*d**2 + 9*d - 9. Suppose 37*f = 34*f + 15. Suppose f*g - 15*g - 1350 = 0. Let j be (-1245)/g - (-2)/(-9). Determine r(j).
-9
Suppose -123*c + 308 = -112*c. Suppose -35*g + c*g - 105 = 0. Let f(h) = -h**2 - 14*h + 18. What is f(g)?
3
Let z(p) = -p**2 - 17*p - 22. Suppose 0 = -3*t - x + 3*x, -4*t + 2*x = -2. Suppose g - t - 1 = 0, 0 = -d - 4*g - 4. Determine z(d).
-6
Let s(q) = -q**2 - 3*q + 3. Let l = 10 - 6. Let c = l - 0. Suppose 1 = 2*n - p - 0, -4*n = -c*p + 4. Determine s(n).
-7
Let h(x) = x + 10. Let s(f) = -f + 17. Let d(o) = o - 33. Let g(y) = 3*d(y) + 5*s(y). Let z be g(-3). Give h(z).
2
Let b(g) = -g**2 - 6*g + 8. Let h(r) = 2*r**2 + 9*r - 7. Let s(o) = -3*b(o) - 2*h(o). Let t = -1269 - -1269. What is s(t)?
-10
Let v(c) = -345 - 36*c + 8 + 442. Determine v(3).
-3
Let g = 12 - -30. Suppose u - g = -40. Suppose 2*z + 22 - 49 = -3*v, -u*z = -4*v + 8. Let n(o) = -o**2 + 6*o + 7. What is n(z)?
7
Let c(w) = -24*w + 475*w**2 + 529*w**2 + 31 - 1002*w**2. Give c(10).
-9
Let h(q) = q**3 - 1 - 3*q**2 - 2 + 0*q**3 + 2*q. Let x(w) = -314*w - 18209. Let g be x(-58). Determine h(g).
3
Let k = 17552 - 17554. Let b(x) = -12*x + 1. Let v(z) = 13*z - 1. Let o(l) = -5*b(l) - 4*v(l). What is o(k)?
-17
Suppose -2*w = -7*w + 25. Suppose 6*m - 5*m - w = 0. Suppose -35 = 3*f + 2*a - 7*a, -f + m*a - 15 = 0. Let p(v) = -v - 8. Determine p(f).
2
Let d(w) = w + 10. Let t be d(-8). Let s(u) = 0 - 2*u - 6 - t. Let i(h) = -4*h**2 - 296*h + 1240. Let o be i(4). Calculate s(o).
8
Let h = 32 - 30. Let l(q) = 122*q**h - 2 + q - 124*q**2 + 1. Give l(4).
-29
Let a(m) = -218*m + 7. Let u(o) = -146*o + 4. Let k(s) = -5*a(s) + 8*u(s). What is k(1)?
-81
Let o(g) be the first derivative of 0*g + 21*g**2 + 18 + 0*g**3 - 1/6*g**4. Let t(y) be the second derivative of o(y). What is t(-2)?
8
Let y(m) be the first derivative of m**2/2 + 8*m - 1. Suppose 0 = 13*r - 5*z + 29, 26 - 96 = 5*r + 2*z. What is y(r)?
0
Let c = -20 - -21. Let h(n) = 7*n - 4. Let l(g) = 2*g**2 + 2*g + 1. Let d(b) = c*h(b) - l(b). Give d(2).
-3
Let j(d) = 21*d - 17. Suppose -5 = -p - 3*z, 463*p - 461*p - 12 = -4*z. Give j(p).
151
Let q(r) = -14*r + 63. Suppose -5*z - 3*k + 32 = 0, 11*z = 6*z - 2*k + 28. What is q(z)?
7
Let m(c) = -7*c - 587 + 593 + 0*c - c**2. Let g = 143 - 151. What is m(g)?
-2
Let b(p) be the second derivative of p**4/12 + 9*p**3/2 - 285*p**2 + p - 4196. Calculate b(14).
4
Let y = -12940 + 12928. Let o(n) = 3*n**2 + 35*n + 1. Determine o(y).
13
Let n(m) = -8*m**2 + m + m - 7*m + 10 - m**3. Suppose -25*k - 27*k + 4*k - 381 = -45. Give n(k).
-4
Let b(a) be the third derivative of -a**6/120 - a**5/20 + a**4/6 - 11*a**3/6 - 12*a**2 + 49. Determine b(-5).
19
Let c(m) = 61*m**3 + m - 67*m**3 - 8 + 1 + 0*m**2 + m**2. Let s(d) = 5*d**3 - 2*d + 5. Let n(i) = 4*c(i) + 5*s(i). Determine n(-5).
2
Let d(p) be the second derivative of -7/20*p**5 + 1/6*p**3 - 1/12*p**4 + 1/2*p**2 - 17 + 2*p. Let t = 4 + -5. Determine d(t).
6
Let q(x) be the first derivative of -x**4/12 + 5*x**3/6 - 7*x**2 + x + 51. Let g(b) be the second derivative of q(b). What is g(5)?
-5
Let u(a) = a**3 + 11*a**2 - a - 17. Suppose -22*p - 4 = -20*p + 3*d, 5*p + 85 = 5*d. Calculate u(p).
-6
Suppose 10*x = -219 - 101. Let r be (-344)/x + -7 + 1/4. Let s(p) = -8*p + r*p**2 - 1 + 11*p - 5*p - p**3. Giv